e of 65 + (-85 - -10) + 7?
-3
Evaluate (-13 - (0 + -13)) + -9 + -2 + 15.
4
What is (-12 - -27 - -94) + -28?
81
23 - (46 + -125 - -33)
69
What is 57 - (5 + (25 - 7 - 8))?
42
(-26 - -93 - 93) + 57
31
What is the value of -53 + (2 + (28 - 4) - 21)?
-48
(-11 - (-125 + 2)) + -124
-12
42 + -10 - (-25 - -10)
47
What is (-323 - -354) + -1 + -2 - -20?
48
What is the value of (38 - 91) + 74 + 21?
42
Evaluate -9 + 7 - (11 + -41).
28
Evaluate 0 - 32 - (64 - 275 - -210).
-31
Calculate -2 + (10 - (38 + -95) - (1 + 0 + -14)).
78
Calculate -6189 + 6145 - (0 - 109).
65
(-60 - (37 + -74)) + (1 - 2)
-24
Evaluate -22 - (-47 + (-32 - -26)).
31
What is the value of 45 + -6 + (-1 - 2 - -1) + 10?
47
Evaluate 47 - 0 - (-89 + -129 + 206).
59
Calculate 40 - -1 - (-28 + -8 + 18).
59
What is the value of -17 + -34 + -24 + 55?
-20
What is the value of -14 - -41 - 33 - -53?
47
What is (-1 - -43) + 0 + 0 - ((-9 - -7) + 14)?
30
-5 + 4 + -2 + 5 + (-40 - -47) + 1
10
Evaluate 23 - 10 - (6 - 1) - (-60 - -73).
-5
What is the value of -6 + (2 - 86) + 12 + -55 + 22?
-111
-6 - ((24 + -10 - 8) + -3 + 60) - -9
-60
What is the value of (1 - 9) + 13 + -13 - (-79 + 29 - -49)?
-7
What is -34 - ((-41 - (-23 + -9)) + -7)?
-18
What is the value of -8 + (-19 + 17 - 22) - -5?
-27
7 + 3 + (5 - 4 - -12) + -22 + -73
-72
Calculate -37 - -1 - (1246 - 1268).
-14
Evaluate (-102 + -39 - -169) + (-84 - 3).
-59
What is the value of -1 + 0 + -7 + -39872 + 39850?
-30
Evaluate (24 - -4) + (-23 - -9) + -1.
13
Evaluate 18 + -71 + (-57 - -23).
-87
Calculate -106 - (7 + 6 - 42 - -7) - (-3 - 0).
-81
Evaluate -21 - (22 - ((-23 - 14) + 23)).
-57
What is (12 - 23) + 38 + 8 + -8 + (0 - 10)?
17
Calculate (-4 - (-12 - 8 - -9)) + 18 - (-2 + -1).
28
Calculate (-28 - -31 - (-1 - 11)) + (-16 - (7 + -12)).
4
Evaluate -17 - (2 + 1) - (-1538 - -1488).
30
What is (-24 - 7 - -69) + -1 + -126?
-89
What is -39 - (-87 - -25 - -3)?
20
Evaluate (-9 - (1 + 1)) + (77 - 109 - -79).
36
What is (29 - 20) + -12 - 34?
-37
What is the value of 86 + (4 + -3 - (-36 - -40)) - 17?
66
What is the value of 116 + -83 - (-4 - 38)?
75
What is the value of (3 - -1) + 0 - (-22 - (9 + -63) - -5)?
-33
Calculate -15 + (-3 - -2) - (-789 + 785) - -5.
-7
Calculate 4 + (-39 - -5) - (4 + -58).
24
Evaluate 12 + -16 + (-68 - -63).
-9
-2242 + 2288 + -1 + 2 + -45
2
Evaluate 8 - ((-8 - -23) + (5 - 2) + 6) - -2.
-14
Evaluate 36 - ((-30 - -15) + 6) - 22.
23
Evaluate (-9 - (-20 + 7 + 5 - 3)) + 3.
5
-7 + -1 + 17 + (-48 - -1) + -7
-45
Evaluate (-37 - -29) + -8 + -3 + -18.
-37
What is 69 - (-24 + 59) - 115?
-81
What is -1 + (13 - (-6 - -17)) + -8 - (-15 + 6)?
2
127 + -252 + 136 + -2 + 15
24
(-4 - -8 - 7) + 17 - (252 - 186)
-52
What is (-28 - -32) + (12 - (87 - 17))?
-54
What is 19 + -7 + 14 + -9 - (-33 + 38)?
12
Calculate -945 - -918 - (-41 - 3).
17
Calculate 1 + -2 - (9 + 0) - (73 - (-81 - -159)).
-5
What is the value of -9 + (10 - (-1 - (-20 + 14)) - -117) + 7?
120
What is the value of -320 + 243 + (55 - 1)?
-23
What is -25 + -106 + 37 + 12 + 15?
-67
What is 748 - 626 - (210 + 3)?
-91
Calculate (4 - 1) + 56 + -26 - (-3 + -7).
43
Calculate -55 - (30 + -97) - (6 + 0).
6
Calculate -13 + (30 - (11 + 4)) - -12 - -13.
27
What is the value of 27 + -67 + -30 - -40?
-30
What is the value of (-28 - (4 + -38)) + 1 + (-2 - (34 - 2))?
-27
Evaluate -12 + (25 - -6 - 26) - (-1 + -2 + -75).
71
91 - (-22 + (64 - -24)) - (-1 - (1 + -7))
20
What is 6 + 3 + (9 - 0 - 5) + 28?
41
Evaluate (10 - (19 + 0) - (-10 + -5)) + -73.
-67
-1 + -11 + (-1083 - -1102 - (-1 - -19))
-11
59 - (-128 + 71 - -107)
9
4 + 2 - (50 + -3 + 0 + 12)
-53
Evaluate (42 - -25) + 19 - 56.
30
What is 136 + -18 + (-8 - (18 - 22 - (-3 - 8)))?
103
Calculate (6 - -7) + -17 + (3 - (1 - -21)).
-23
What is 87 + (62 + -52 - (14 + -13))?
96
What is (-12 + 27 - 16) + (6 - 25)?
-20
Evaluate 102 + -1 + 0 + (129 - 365 - -221).
86
Calculate (10 - 14 - -16 - 59 - -12) + -11.
-46
260 + (-58 - 31) - 106
65
14 - (1 + (13 - (6 - (6 + -6))))
6
What is the value of (-38 - (28 - 33) - (12 - 35)) + -34?
-44
1 - -23 - ((-54 + 26 - -15) + 29) - -148
156
Calculate 24 + (11 - (9 + -16) - -25).
67
-23 + 47 - (2 + -16)
38
What is 88 + (-319 - -126) - -41?
-64
Calculate -9 - -51 - (346 - 287).
-17
What is (8 - (13 - 11)) + (-12 - -23 - 7)?
10
What is the value of -1 + 12 + -7 + 46 + 10 - (-12 + 1)?
71
Calculate -80 - -92 - (-15 - (66 - 11)).
82
(-9 + -26 - (105 + -133)) + (0 - -136)
129
Calculate -104 + 30 + 22 + 82.
30
What is the value of 4 - (12 + 5 + (5 + -7 - -6))?
-17
What is the value of 11146 - 11158 - (-45 - -1)?
32
Evaluate (112 + -56 - 65) + (4 - 3 - -2 - -75).
69
What is the value of (-510 - -537) + (4 - 1)?
30
What is 28 + (2 - (20 - (-10 - (-23 - -5))))?
18
(-91 - (7 - 8) - (-5 + (-7 - -5))) + 3
-80
What is the value of -30 + -1 + -2582 + 2589?
-24
What is the value of 17 + -32 - -17 - (11 + -12 - (7 + 0))?
10
Evaluate (-22 - 1) + 30 + 30 + (5 - 2) + -5.
35
-12 + -6 + (9 - -13) + -9 + 25
20
88 + -89 + (74 + 0 - -7) + 14
94
Calculate 9 + (135 - (188 - 89)).
45
What is the value of 6 - -41 - (11 + -1)?
37
Calculate -11 - (-9 - (-8 - (1 + 8 + -3))).
-16
Evaluate (0 - -50) + 166 + 18 + -167.
67
What is -61 + 69 - (2 + -56 + 8) - -6?
60
Calculate (13 + -7 + (-15 - -8) - 16 - 8) + -1.
-26
Calculate -52 - -30 - (-23 + -34 + -10).
45
What is the value of 27 - 3 - (-46 + -23 + 88)?
5
Evaluate -26 + (-69 - -22) + 15.
-58
What is -7 + -2 + 9 + 20 + -14 + -4?
2
What is 70 + 8 + (8 - 12) + -3?
71
What is 27 + -111 - ((-8 - -17) + 6) - 2?
-101
66 - (-19 - -17 - -8 - (1 - -7 - 2))
66
1 + 105 - ((-4 - (5 + -2)) + -279 + 283)
109
Calculate (-19 - 42) + 45 + 10.
-6
What is the value of -1622 + 1671 + (2 - 82)?
-31
What is 19 + -17 + -6 - (1 - 0 - 28 - -5)?
18
What is the value of 5995 + -6129 + 22 + 0?
-112
Calculate -28 + (12 - -17) + 0 + 7 - -82 - -3.
93
Evaluate 31 + -44 + -3 + -14.
-30
What is -43 - 57 - -169 - (-1 - -10)?
60
Evaluate (0 - (-3 + 3 - 1)) + 104 + 72 + -150.
27
55 - (-66 + 58) - 60
3
Calculate (-8 - 1 - -1) + (-53 + 25 - 22).
-58
Calculate (-34 - -51 - (-8 + 15)) + -51 + 1.
-40
17 + -15 + (0 + -6 + 1 - -2) + -36
-37
(-202 + 132 - -108) + -1 + -99
-62
What is -5 + -6 + -2 + 11 + -25?
-27
Evaluate -54 + 10 - -118 - ((8 - 3) + 6 - 0).
63
What is the value of 2 - 0 - (-10 + 1 + -106 + 76)?
41
Calculate 191 - (-27 + 53 - -93).
72
What is the value of 14 + -3 + (-8 - 48 - 12) + (0 - -10)?
-47
Calculate -54 + 0 + (18 - 0 - 1) + 11 + -27.
-53
Evaluate -3 - (34 - (19 - 19)).
-37
What is (0 - 15 - -1) + (-161 - ((39 - 136) + 45))?
-123
What is -1545 + 1473 + -7 + 2 + -25?
-102
Evaluate 55 + -133 - (16 - 78).
-16
What is -3 - -1 - ((3 - (12 + -6)) + 12 + 1)?
-12
Evaluate -62 + -65 + 139 + 23 + 0.
35
Evaluate (5 - -1) + (-760 - -739) - (-4 - -1).
-12
What is -5 + 31 + (23 - 55 - -50)?
44
-15 + 3 + (-17 - -67) + -10
28
What is 3 + 63 - (-437 + 453)?
50
Calculate -23 + -13 + 8 + 11 - -21 - -12.
16
Calculate (14 - (-34 + -10)) + (9 - 20) + 12.
59
Evaluate (16 - 3) + -53 + 80 - -9.
49
Evaluate -44 + 38 + -2 + 47.
39
What is the value of -63 + 158 + 14 + -48?
61
What is the value of (69 - -6 - (-7 - -1)) + (25 - (44 + -21))?
83
Evaluate (-17 + 0 - (8 - (-85 - -92))) + -1.
-19
What is -2 + -1 + 4 - (-34 + 48 + 9)?
-22
What is the value of 4 + (-14 - -6) - 6 - -16?
6
Evaluate -60 - (22 + -16 - (-5 - (-7 + 9))).
-73
What is 63 - (-82 + 143) - 20?
-18
Evaluate (4 - 3 - -41) + (16119 - 16178).
-17
What is the value of ((20 - 6) + 1 + 13 - -11) + 13?
52
7564 + -7619 + -34 + 0
-89
What is 214 - 54 - 78 - 90?
-8
9 - ((-7 - -40) + -46 - (8 - -55))
85
Calculate 94 + (9 - (51 - -21)).
31
What is the value of (-1 - -9) + -5 - (3 + (39 - 2))?
-37
-5357 + 5328 + 0 + -40
-69
(-51 + 15 - 19) + 31
-24
Evaluate -713 + 751 + -4 + 4 + -63.
-25
Calculate -13 + (-10 - 4) + (8 + 2 - (32 + -24)).
-25
4105 + -4087 + (-3 - (1 - -43))
-29
Calculate -8 + (8 - 9) + -36 + -1.
-46
What is the value of 82 + (9 - 31) - 76?
-16
Calculate 121 + 59 + -46 + -138.
-4
-1 - (29 + -1 - (368 + -351))
-12
299 + -249 - (35 - 1)
16
Evaluate (8 - 124) + (362 - 322).
-76
What is -33 - (-1 + -18 - (-2202 + 2128))?
-88
What is the value of -42 + 170 + -62 + -16?
50
Calculate -11 + -9 + -7 + 89 + -8 + 14.
68
What is -113 + (11 - (-38 - -48 - -31))?
-143
What is the value of (1 + 10 - -115) + -62?
6